f 215 and x.
43
Suppose 0 = 4*t + 8*s - 7*s - 4397, 0 = -t + 5*s + 1073. What is the greatest common factor of 18 and t?
18
Suppose -2*l + 16 = 4*z - 76, -3*z = 3*l - 72. Let o(a) = a**2 - 23*a + 71. Let m be o(z). What is the highest common factor of 196 and m?
49
Let u(t) = 3*t + 17. Let i be u(0). Let a be (0 - (2 + 5))*-17. What is the greatest common factor of a and i?
17
Let p = 20 + -16. Suppose 0 = 2*q + 5*q - p*q. Suppose -2*w + 7*w - 105 = q. Calculate the highest common factor of 105 and w.
21
Let x = 548 + -450. Let o = -90 + x. What is the highest common factor of 216 and o?
8
Let p(c) = 9*c + 130. Let i(m) = -54*m - 782. Let b(v) = 2*i(v) + 13*p(v). Let q be b(-9). Calculate the greatest common factor of q and 30.
15
Let l(k) = -k**2 + 52*k + 566. Let d be l(42). Suppose 7*n = -5*n + 408. Calculate the highest common factor of n and d.
34
Let t(s) = 303 - 5*s**2 - 303 - 5*s + 80*s**2. Let a be t(2). Suppose -a + 20 = -5*p. Calculate the highest common factor of p and 3.
3
Let i be (-2)/(-6) + 209/57. Let n be i/14 + 1400/245. Calculate the greatest common factor of n and 30.
6
Suppose -744*i + 726*i + 5544 = 0. What is the highest common divisor of i and 5390?
154
Let s(q) = 53*q - 21. Let v be s(18). Suppose -2*d - 5*t = -365, 5*d - 5*t = v + 67. What is the highest common factor of d and 52?
13
Let a = 524 - 519. Let x(g) = g + 2 + 12 - 3. Let i be x(a). What is the highest common factor of 64 and i?
16
Let f be 166 - 3*2*8/(-16). Let r = f - 115. Calculate the greatest common divisor of r and 135.
27
Let q(m) = 3*m**2 - m + 3. Let u(z) = 4*z**2 - z + 3. Let h(n) = -6*q(n) + 5*u(n). Let v be h(11). Calculate the greatest common divisor of v and 50.
50
Let v = -7259 + 11003. What is the highest common factor of v and 12?
12
Let n = 47552 - 47504. Suppose 5*l + 9 - 169 = 0. What is the greatest common factor of l and n?
16
Let t(a) = a**2 - 43*a + 75. Let j be t(42). Suppose -r + m = -j, -4*r + 5*m + 153 = 8*m. Let g be 36/1 + 0/1. What is the highest common factor of g and r?
36
Suppose -959 + 794 = -5*t. Suppose 4*x + 4*z - 128 = -0*x, -4*x + 131 = z. What is the highest common factor of x and t?
33
Let o be ((144/(-4))/(-2))/((-4)/(-306)). What is the highest common factor of o and 17?
17
Suppose -6*w + 2*w = 4*s - 164, 5*s = 3*w - 99. Suppose 13*d = 8*d + 1520. Calculate the highest common factor of w and d.
38
Let v(q) = 71*q**2 - 2*q + 8. Let b(k) = 71*k**2 - 2*k + 7. Let y(a) = 5*b(a) - 4*v(a). Let o be y(1). What is the highest common divisor of 54 and o?
18
Let a be 1*((-1254)/(-2) + 0). Let z = a - 579. Calculate the greatest common divisor of z and 272.
16
Let j(p) = 10*p**2 - 6*p - 10. Let l be j(-2). Suppose -343 - 105 = -8*w. Calculate the highest common factor of w and l.
14
Suppose 5*y = 421 + 174. Let z = 113 + -108. Suppose -12 - z = -i. What is the highest common divisor of i and y?
17
Suppose 15 = -h - 3*t, 5*h + 0*t = -2*t - 10. Suppose h = -4*l + l + 4*s + 632, 4*l - 884 = -5*s. Calculate the greatest common factor of l and 48.
24
Let i be -14 - 8/(-1 - -3). Let v = i + 70. What is the highest common factor of 143 and v?
13
Let a(m) = 181*m - 2993. Let i be a(17). What is the greatest common divisor of i and 700?
28
Let x = 55 - -121. Suppose 0 = y + 4*y - 2*n - 284, -3*y + x = -4*n. Let q = -16 - -24. What is the greatest common factor of q and y?
8
Let q(d) = -d**3 - 21*d**2 - 20*d + 8. Let x be q(-20). Let p be 7/28 + 718/x. Let f be 5/((-15)/12) + 13. Calculate the highest common factor of f and p.
9
Let y(g) = -12*g + 74. Let f be y(6). Let n be (-14)/(-7) - -1 - (-39 + 0). Calculate the greatest common factor of n and f.
2
Let r be ((-482)/(-8))/(3/(-12)) + -2. Let k be 2/2 + (-27)/(r/306). Calculate the greatest common factor of 385 and k.
35
Suppose 3*q = 2*d + 50, q + 3*d + 56 = 58. What is the highest common divisor of 76 and q?
2
Let h(t) = t**3 + 10*t**2 - 8*t + 5. Let n be 806/(-78) - (-2)/6. Let j be h(n). Calculate the greatest common factor of j and 51.
17
Let i = -2586 - -2586. Let n(h) = -h**2 - h + 76. Let s(o) = -1. Let l(q) = n(q) - 4*s(q). Let v be l(i). What is the highest common divisor of v and 40?
40
Let l = 1537 + -792. What is the greatest common factor of l and 5?
5
Let u(y) = 58*y - 2*y**2 + 4 - 22*y + 5. Let f be u(15). Calculate the greatest common divisor of 33 and f.
33
Let j(t) = -t**3 + 16*t**2 - 40*t + 13. Let r be j(13). Suppose 3*n = -2*u + 906 - 134, r = -3*u - 5*n + 1160. What is the highest common divisor of 10 and u?
10
Suppose 3*g + 273 = -2*s, s = -3*g + 60 - 201. Let y = 68 + s. Let j be y/((-5)/(-10) + -1). What is the greatest common divisor of j and 32?
32
Let u be 460/28 - 60/42. Calculate the greatest common divisor of 14775 and u.
15
Suppose -2*l - 2*i = -276, 0 = 7*l - 4*l + 2*i - 418. Suppose -5*a - 5*f + l = -43, 0 = 2*f - 8. Calculate the highest common divisor of a and 561.
33
Let r = -860 + 1125. Let i = 267 - r. Let o be -1*(-22 + (-1 - -1)). What is the greatest common factor of o and i?
2
Let o be (1580/1975)/((1/(-1))/(-10)). What is the highest common factor of 1256 and o?
8
Let s be -255*(66/18)/(-11). Let t be (-8625)/(-253) + 1/(-11). What is the greatest common divisor of s and t?
17
Suppose -102*g - 159*g + 31320 = 0. Suppose 5*a - 8 = 3*a. Suppose 0*r = -a*r + 60. What is the greatest common divisor of g and r?
15
Let r be (-1)/1*(-3 + -4). Suppose -r = -3*t + 14. Suppose 10*f - 108 = -3*p, 6*p + 230 = 10*p - f. What is the highest common factor of p and t?
7
Suppose -89343 = 55*w - 130149 - 128484. What is the highest common divisor of w and 414?
18
Let d be (-8 + -24)/(-8) - -5. Suppose -d*j + 66 = 21. Calculate the greatest common factor of j and 95.
5
Suppose h - 210 = -q, -5*h - 14 = -49. Let r be (-7)/((-7)/(-2)) + 16. What is the highest common divisor of q and r?
7
Suppose -2*n + 5*g + 4 = -32, -6*n + 4*g + 108 = 0. Let m be 6432/21 - (40/(-28))/(-5). Calculate the highest common divisor of m and n.
18
Let a be 124/93*(-3)/(-4). Let z be a - -31 - (-27 + 25). What is the greatest common divisor of 4 and z?
2
Suppose 0 = 5*y - 2*y - 33. Suppose 13314 = 62*n + 5812. Calculate the highest common divisor of n and y.
11
Let l = -78 + 142. Suppose 2*d = -5*k - 3*d + 145, -4*d = 2*k - l. Calculate the greatest common factor of k and 13.
13
Let w be ((-36)/(-9))/(1*4/(-8)). Let a be w/(-36) + (-6034)/(-63) + 6. Calculate the highest common divisor of 4 and a.
2
Let m be ((-430)/(-40))/(23/644). What is the highest common divisor of m and 34013?
301
Let v(r) = -18*r**2 + 113*r + 2. Let i be 14/392*-7 - 25/(-4). Let t be v(i). Calculate the greatest common factor of 224 and t.
32
Suppose -4*i = -5*g - 213, -6*i - 3*g + 173 = -2*i. Let p = -1168 - -1170. Suppose -i + 17 = -p*x. What is the greatest common factor of 120 and x?
15
Suppose 0 = -3*l - 4*j + 814 + 8554, 2*l + j = 6242. What is the greatest common factor of l and 4?
4
Suppose -169*i = -192*i + 3772. What is the greatest common factor of 6068 and i?
164
Let h = -53 + 222. Let g(v) = 14*v + 111. Let f be g(-7). What is the greatest common factor of h and f?
13
Let j = -49 - -54. Suppose -37 = 2*x - 4*u - j, 0 = 5*x + 2*u + 92. Let b be (52/(-6))/(-4*(-3)/x). What is the greatest common divisor of b and 13?
13
Let f be (255/(-60))/((-1)/4). Let t = -5 + f. Suppose 4*q - 148 = -2*p, 6*p - 415 = p - q. Calculate the greatest common divisor of t and p.
12
Let t = -8 + 17. Suppose -3*q = -0*q - 4*a, 3*a = t. Suppose i = 4*s - 16, -3*s = -q*i - 6 - 6. What is the highest common factor of 4 and s?
4
Let c(o) = o**3 + 8*o**2 - 17*o - 20. Let s be 160/240 + 26/(-3)*1. Let k be c(s). What is the highest common divisor of k and 58?
58
Let p be (-885)/(-2) - (-10)/(-20). Suppose 3*v - 338 = t, 0 = -3*t - 2 - 4. Let f = p - v. What is the greatest common divisor of f and 30?
30
Suppose 23*g = -0*g + 32*g - 423. Let q be 422/3 - (-1)/3. What is the greatest common factor of g and q?
47
Let v(m) = -41*m + 988. Let s be v(19). What is the greatest common divisor of 143 and s?
11
Let y(a) = 9430*a**3 + 2*a**2 - 9*a + 2. Let i be y(1). Calculate the highest common factor of i and 13.
13
Let p(g) = 2*g**3 - 5*g**2 + 4*g - 1. Let b be p(2). What is the greatest common factor of b and 2859?
3
Suppose